*l(k). What is the remainder when o(-7) is divided by 6/8*(-1584)/(-44)?
26
Let o = 19 + -15. Let p be -2 - ((-10 - -2) + o). What is the remainder when (-4 + -1 + p)*-11 is divided by 9?
6
Let r(n) be the second derivative of -20*n**3/3 + 8*n**2 - n. Let z be (-720)/135 - 1/(-3). What is the remainder when r(z) is divided by 55?
51
Let i be (1050/(-140))/((-1)/(-2) - 0). What is the remainder when (-1796)/(-16) + i/(-20) is divided by 19?
18
Let q = -26 + 22. Let z be (q/(-3))/((-7)/1302). Calculate the remainder when 77 is divided by (-1)/(-3) - z/12.
14
Let x = 1543 - 1512. Calculate the remainder when 3439 is divided by x.
29
Let k(u) = u**3 + 19*u**2 - 22*u - 48. Let c be k(-20). Calculate the remainder when c/((-56)/7) + 0 + 541 is divided by 91.
87
Let u be (-31 + 27)*(0 - (-586)/(-4)). Suppose -38*x + u = -98. What is the remainder when 101 is divided by x?
11
Suppose 26180 = 20*d + 14*d. Suppose 0 = 128*k - 142*k + d. What is the remainder when k is divided by 3?
1
Calculate the remainder when 19302 is divided by ((-9)/1)/(12/8*6/(-15)).
12
Suppose -4*o - 3*b + 44 = -5*o, 4*o + 155 = 5*b. Let a = -44 - o. What is the remainder when 61 is divided by (-6)/a - (-5)/(15/61)?
19
Let g = -2489 - -4342. What is the remainder when g is divided by 64?
61
Suppose 72 = -2*u - 4*t - 44, -u + 5*t - 72 = 0. Let s = u - -137. Suppose -13*o = -18*o + s. What is the remainder when o is divided by 8?
7
Let f(s) = 2 + 9*s + 10 - 2 + 7*s. Let a be f(3). Suppose 3*g - 220 + a = 0. What is the remainder when g is divided by 4?
2
Let c be (-50)/(-1) + 3/((-6)/(-6)). Let u = -70 + c. Let f(b) = b**2 + 17*b + 9. Calculate the remainder when 60 is divided by f(u).
6
Let f = -31233 - -31280. Calculate the remainder when f is divided by 18.
11
Let h(l) = 7*l + 4 - 16*l - 10*l. Suppose 64*n - 250 = -826. What is the remainder when h(n) is divided by 22?
21
Let h = 2086 - 2082. Let u be (-10)/4*(-4 - -2). Suppose -h*r + 130 = 4*d - 9*d, 4*r = -u*d + 110. Calculate the remainder when 148 is divided by r.
28
Let q = 7551 - 7512. What is the remainder when 310 is divided by q?
37
Suppose -4*t + 3*d + 789 = 0, -31*t + 419 = -29*t - 5*d. What is the remainder when t is divided by 93?
6
Suppose 8 = -s + 6. Let y(u) = u**2 + u + 2. Let f be y(s). Suppose 9 = -f*i + 7*i. Calculate the remainder when 19 is divided by i.
1
What is the remainder when -18 + 11 + 6*1195/15 is divided by 35?
16
Suppose -2*v - 117 + 70 = -81. What is the remainder when ((-2)/(-4))/((-2)/(-116)) is divided by v?
12
Let h(x) = -4*x**2 - 9*x - 23. Let t be h(-5). Let n = t - -87. What is the remainder when 52 is divided by n?
7
Let r be (-504 - 3)*(-12)/18. Let b be r/7 - (-24)/(-84). Let x = b - 19. What is the remainder when x is divided by 10?
9
Let d = 58 - 44. Suppose 18*f = d*f + 32. Calculate the remainder when 68 is divided by f.
4
Let d = 50 - -22. What is the remainder when d is divided by (6/(-10))/((-5)/225)?
18
Let b = 19323 - 18725. What is the remainder when b is divided by 76?
66
Suppose 295 + 341 = 6*p. Let h = p - 102. Calculate the remainder when 38 is divided by (-4 - 1) + 3*h.
3
Let l(v) = -v**2 - 19*v - 23. Let r be l(-17). Suppose -6*m + 97 = -r. What is the remainder when 43 is divided by m?
7
Suppose 143367 + 48469 = 796*q. Let t = -17 - -66. Calculate the remainder when q is divided by t.
45
Let b be 2*((-85)/(-2) - 1). Suppose 4*n = 2*i + 774, -5*n - 3*i + 75 = -876. Let s = n - b. What is the remainder when s is divided by 28?
25
Suppose 0 = -3*g - 15, -i + 4*g - 1038 = -1197. What is the remainder when 542 is divided by i?
125
Let l(z) = -5*z**3 + z + 10. Let d(m) = 7*m**3 - 10. Let p(w) = -5*d(w) - 6*l(w). Calculate the remainder when p(-2) is divided by 15.
12
Let x = -9209 + 9301. Calculate the remainder when x is divided by 5.
2
What is the remainder when 1379 is divided by (-2267004)/(-5016) + (-2)/(-44)?
23
Suppose 5*o + 660 = -265. Let l = o - -202. What is the remainder when l is divided by 5?
2
Suppose 46*a + 93*a = 2099 + 73239. Calculate the remainder when a is divided by 215.
112
Let p(i) = -i**2 + i + 10. Suppose 39*b - 36*b = 0. Suppose -3*d + 87 = 5*k, b = 2*d - 4*d + 5*k + 58. What is the remainder when d is divided by p(0)?
9
Let b = -1959 - -1961. Let i(o) = o**2 + o + 2. Let x be i(-4). Suppose x = -b*y + 3*y. Calculate the remainder when 53 is divided by y.
11
Calculate the remainder when 2819 is divided by 6/14 - (4 + 1170/(-63)).
14
What is the remainder when 507 is divided by (-92)/(-69)*1*(-4 - -112)?
75
Let a = -34228 - -34460. Calculate the remainder when 512 is divided by a.
48
Suppose 68*i - 103 + 1598 = 81*i. Calculate the remainder when i is divided by 9.
7
Let q(w) = -2*w**2 - 24*w + 26. Let x be q(-13). Suppose x = -t + 73 + 83. Calculate the remainder when t is divided by 53.
50
Suppose 2*n + 3*n = 4*i - 256, 3*i - 204 = 4*n. Calculate the remainder when (n/30 - -2)*(1 + 124) is divided by 4.
2
Let t(m) = -2*m**3 + 23*m**2 - 19*m - 25. Let y be t(10). Suppose 2*g + g = -2*z + y, 95 = 4*g - z. What is the remainder when 99 is divided by g?
24
Let r = -21846 - -27332. What is the remainder when r is divided by 141?
128
Let o = 923 - 920. Let c(z) = -z + 15. Let u be c(8). Suppose o*a - 55 = 3*i - u*i, a - i = 23. Calculate the remainder when a is divided by 8.
5
Suppose 4*i - 1 = 3*i. Let g(s) be the second derivative of 13*s**3/6 - 3*s**2/2 - 33*s. What is the remainder when 28 is divided by g(i)?
8
Suppose 4*r = -2*l + 2170, -7*l + 4*r + 6848 = -837. What is the remainder when l is divided by 18?
15
Let l be (0 - (3 - 1)) + 1. Let d(z) = -5*z. What is the remainder when 15*12/(-16)*8/(-10) is divided by d(l)?
4
Suppose 51*a - 46*a - n - 86748 = 0, -4*a + 69408 = -4*n. Calculate the remainder when a is divided by 15.
9
Suppose 2*v = 4*y + 332, 407*v - 884 = 402*v + y. What is the remainder when 1047 is divided by v?
157
Calculate the remainder when (-16067)/(-21) + (-44)/462 is divided by 368.
29
Let o(t) = 1887*t - 247. Calculate the remainder when o(4) is divided by 83.
80
Let m = 9 - 7. Suppose n - 20 = -y, -m*y - n + 40 = -5*n. What is the remainder when (-2)/3 + (-208)/(-6) is divided by y?
14
What is the remainder when (19608/(-28))/(-6) + (5/(-7) - -1) is divided by 79?
38
Let j(b) be the third derivative of 5*b**4/24 + 13*b**3/3 + 36*b**2. Let f be j(-6). Calculate the remainder when (22/f)/(3/(-42)) is divided by 26.
25
Let u(i) = -i**3 + 12*i**2 + 92*i - 1007. Suppose t - 2 = 9. What is the remainder when u(13) is divided by t?
9
Suppose -t = -5*m - 395 + 51, -3*t + 1132 = 5*m. Let x = 383 - t. Calculate the remainder when 97 is divided by x.
13
Let d(u) = -7*u**2 - 6*u + 1. Let j be d(-5). What is the remainder when (j/(-28))/1 - 2/14 is divided by 1?
0
Suppose 3*m - 2*m - 13 = 0. Let f(p) = -p + 28. Let z be f(20). Suppose -5*c - 153 = -z*c. What is the remainder when c is divided by m?
12
Suppose 27*z + 2615 - 16466 = 0. Let n = 597 - z. Calculate the remainder when n is divided by 31.
22
Suppose 2*t = 2*b - 12, 0 = 2*b - 3*t + 6*t + 13. Suppose -2*o = -u - 2, -5*u - b = -2*o + 41. Calculate the remainder when (4 + -6 - 3)*94/u is divided by 16.
15
Let l = 2123 + -2003. What is the remainder when l is divided by 16?
8
Let g = 4063 - 4013. Calculate the remainder when 21797 is divided by g.
47
Let c(r) = 7*r**2 - 36*r + 67. Suppose 84 = -10*d + 7*d. Let g = d + 32. Calculate the remainder when c(2) is divided by g.
3
Let h(k) = -3*k**2 + 181*k + 352. Calculate the remainder when h(61) is divided by 111.
8
Let q = 18 + 29. Let m(s) = s**2 + 15*s + 47. Let c be m(-8). Calculate the remainder when c/(-6)*((-914)/(-6) + 3) is divided by q.
45
Suppose 6*b - 48 = 18. Suppose -b*x = -197 - 650. Calculate the remainder when 614 is divided by x.
75
Suppose -10*o + 3*o + 644 = 0. Suppose -3*v - 48 = -5*v. Calculate the remainder when o is divided by v.
20
Suppose -3*t = -12, -630 = -2*x + 4*t + 60. Calculate the remainder when x is divided by 44.
1
Suppose 3*z = -q - 4*q + 968, -3*q + 3*z + 600 = 0. Calculate the remainder when 347 is divided by q.
151
Suppose 183 = 2*l + 4*k - 11, 5*l - 461 = 2*k. Calculate the remainder when l is divided by (-365)/(-15) + (-3)/27*3.
21
Suppose 0 = 2*w - j - 18, -5*w + 3*j + 14 = -32. Let b(x) = -